{"id":1906,"date":"2024-08-31T11:01:12","date_gmt":"2024-08-31T08:01:12","guid":{"rendered":"http:\/\/www.ospro.fi\/blog\/?page_id=1906"},"modified":"2024-09-17T18:29:34","modified_gmt":"2024-09-17T15:29:34","slug":"edunvalvonta","status":"publish","type":"page","link":"https:\/\/www.ospro.fi\/blog\/edunvalvonta\/","title":{"rendered":"Edunvalvonta"},"content":{"rendered":"\n<div class=\"wp-block-group alignwide has-base-2-background-color has-background\" style=\"margin-top:0;margin-bottom:0;padding-top:var(--wp--preset--spacing--20);padding-right:var(--wp--preset--spacing--30);padding-bottom:var(--wp--preset--spacing--10);padding-left:var(--wp--preset--spacing--40)\"><div class=\"wp-block-group__inner-container is-layout-constrained wp-container-core-group-is-layout-c29f7221 wp-block-group-is-layout-constrained\">\n<div class=\"wp-block-columns alignwide is-layout-flex wp-container-core-columns-is-layout-2aabe216 wp-block-columns-is-layout-flex\">\n<div class=\"wp-block-column has-pro-font-family is-layout-flow wp-block-column-is-layout-flow\" style=\"flex-basis:70%\">\n<h3 class=\"wp-block-heading has-text-align-center is-style-asterisk has-pro-font-family has-medium-font-size\" style=\"font-style:normal;font-weight:600\">Proklubit<\/h3>\n\n\n\n<p class=\"has-pro-font-family\">Ty\u00f6paikkatoiminta on osa Pron toimintaa. Se tuo Pron l\u00e4helle j\u00e4seni\u00e4 ja tarjoaa heille kokoontumis- ja vaikuttamismahdollisuuden. Toiminnan muotona ovat Pro-klubit.<\/p>\n\n\n\n<p class=\"has-pro-font-family\">Ty\u00f6paikkatoiminta antaa Pron j\u00e4senille mahdollisuuden vaikuttaa ty\u00f6paikkansa asioihin. Kokoontumiset tarjoavat my\u00f6s areenan keskustella yhdess\u00e4 ja linjata kantaa asioihin: tukea n\u00e4in omia luottamushenkil\u00f6it\u00e4. Yhdess\u00e4 kannattaa my\u00f6s mietti\u00e4 esimerkiksi j\u00e4senhankintaa. Pro- klubitapaamiset mahdollistavat lis\u00e4ksi rennon yhdess\u00e4olon, virkist\u00e4ytymisen ja vahvistavat prolaista yhteishenke\u00e4.<\/p>\n\n\n\n<p class=\"has-pro-font-family\">Kaikki Pron j\u00e4senet ty\u00f6paikalla muodostavat Pro-klubin, joka on vapaamuotoinen rekister\u00f6im\u00e4t\u00f6n yhteenliittym\u00e4. Pro-klubi on j\u00e4senyhdistysten toimintaa ty\u00f6paikoilla. Klubi sopii itse oman organisoitumis- ja ty\u00f6skentelytapansa. Klubitoiminta ei vaikuta henkil\u00f6st\u00f6n edustajien laki- ja sopimusperusteiseen asemaan.<\/p>\n\n\n\n<p class=\"has-pro-font-family\">Pro-klubia vet\u00e4\u00e4 Pro-vastaava, joka valitaan klubin kokouksessa. H\u00e4nelle on tarjolla koulutusta ja tietoa. Pro-vastaava voi koota ymp\u00e4rilleen tiimin, joka ideoi ja toteuttaa Pro-klubin toimintaa.<\/p>\n\n\n\n<p class=\"has-text-align-left has-pro-font-family\">Pro-vastaava ilmoittaa valinnastaan Prohon ja omaan yhdistykseen \/ yhdistyksiin. Ilmoituslomakkeet l\u00f6ytyv\u00e4t Klubitoiminnan k\u00e4ynnist\u00e4minen \u2013 sivulta.<\/p>\n<\/div>\n\n\n\n<div class=\"wp-block-column has-custom-color-2-background-color has-background is-layout-flow wp-block-column-is-layout-flow\" style=\"padding-right:0;padding-left:0\">\n<div class=\"wp-block-columns is-layout-flex wp-container-core-columns-is-layout-9d6595d7 wp-block-columns-is-layout-flex\">\n<div class=\"wp-block-column has-custom-color-2-background-color has-background is-layout-flow wp-block-column-is-layout-flow\">\n<h3 class=\"wp-block-heading has-text-align-center is-style-asterisk has-pro-font-family has-medium-font-size\" style=\"margin-top:var(--wp--preset--spacing--20);font-style:normal;font-weight:600\">Lis\u00e4tietoa Pro-klubeista<\/h3>\n\n\n\n<p class=\"has-text-align-center\" style=\"font-size:1.1rem\"><a href=\"https:\/\/ospro.fi\/blog\/pro-klubit#tiiviisti_proklubi\">Tiivistelm\u00e4 ja vinkkej\u00e4<\/a><\/p>\n\n\n\n<p class=\"has-text-align-center\" style=\"font-size:1.1rem\"><a href=\"https:\/\/www.ospro.fi\/blog\/wp-content\/uploads\/2024\/09\/Tyopaikkatoiminnan_kasikirja-2022.pdf\" target=\"_blank\" rel=\"noreferrer noopener\">Ty\u00f6paikkatoiminnan ohje<\/a><\/p>\n\n\n\n<p class=\"has-text-align-center\" style=\"margin-bottom:var(--wp--preset--spacing--30);font-size:1.1rem\"><a href=\"https:\/\/ospro.fi\/blog\/pro-klubit#toimintatuki_proklubi\">Proklubin toiminnan tukeminen<\/a><\/p>\n<\/div>\n<\/div>\n\n\n<div class=\"wp-block-image\">\n<figure class=\"aligncenter size-full is-resized\"><img loading=\"lazy\" decoding=\"async\" width=\"288\" height=\"362\" src=\"https:\/\/www.ospro.fi\/blog\/wp-content\/uploads\/2024\/09\/proklubi-uf-ei-taustaa.png\" alt=\"Proklubi logo\" class=\"wp-image-2261\" style=\"width:125px\" srcset=\"https:\/\/www.ospro.fi\/blog\/wp-content\/uploads\/2024\/09\/proklubi-uf-ei-taustaa.png 288w, https:\/\/www.ospro.fi\/blog\/wp-content\/uploads\/2024\/09\/proklubi-uf-ei-taustaa-239x300.png 239w\" sizes=\"auto, (max-width: 288px) 100vw, 288px\" \/><\/figure>\n<\/div><\/div>\n<\/div>\n\n\n\n<div style=\"height:20px\" aria-hidden=\"true\" class=\"wp-block-spacer\"><\/div>\n\n\n\n<div class=\"wp-block-columns alignwide is-layout-flex wp-container-core-columns-is-layout-2aabe216 wp-block-columns-is-layout-flex\">\n<div class=\"wp-block-column is-layout-flow wp-block-column-is-layout-flow\" style=\"flex-basis:70%\">\n<h3 class=\"wp-block-heading has-text-align-center is-style-asterisk has-pro-font-family has-medium-font-size\" style=\"font-style:normal;font-weight:600\">Nuorisotoiminta<\/h3>\n\n\n\n<p class=\"has-text-align-left\">Nuorten foorumin muodostavat kaikki Ammattiliitto Pron alle 36-vuotiaat j\u00e4senet.<\/p>\n\n\n\n<p>Foorumi tarjoaa prolaisille nuorille vuorovaikutuskanavan, joka syntyy keskustelusta, kannanotoista, ideoinnista, vaikuttamisesta ja asioiden esiin nostamisesta. Toiminta tukee my\u00f6s nuorten verkostoitumista nykyaikaisin tavoin ja tarjoaa vertaistukea.<\/p>\n\n\n\n<p>Nuorten foorumi haluaa my\u00f6s kannustaa j\u00e4seni\u00e4\u00e4n hankkimaan nuoria j\u00e4seniksi: monesti nuori osaa kertoa toiselle nuorelle parhaiten mist\u00e4 ammattiliitosta on kysymys ja miten paljon j\u00e4senyydest\u00e4 on hy\u00f6ty\u00e4.<\/p>\n\n\n\n<p class=\"has-text-align-left\">Huomioimme my\u00f6s nuoret j\u00e4senemme ja nuorten kanssa ovat kaikki itsens\u00e4 nuoreksi tuntevat tervetulleita viett\u00e4m\u00e4\u00e4n my\u00f6s aikaa.<\/p>\n<\/div>\n\n\n\n<div class=\"wp-block-column has-custom-color-2-background-color has-background is-layout-flow wp-block-column-is-layout-flow\">\n<div class=\"wp-block-columns is-layout-flex wp-container-core-columns-is-layout-9d6595d7 wp-block-columns-is-layout-flex\">\n<div class=\"wp-block-column has-custom-color-2-background-color has-background is-layout-flow wp-block-column-is-layout-flow\">\n<h3 class=\"wp-block-heading has-text-align-center is-style-asterisk has-pro-font-family has-medium-font-size\" style=\"margin-top:var(--wp--preset--spacing--20);margin-bottom:0;font-style:normal;font-weight:600\">Nuorten foorumin tavoitteet<\/h3>\n\n\n\n<ul style=\"padding-right:var(--wp--preset--spacing--20);padding-bottom:var(--wp--preset--spacing--10);padding-left:var(--wp--preset--spacing--20)\" class=\"wp-block-list is-style-checkmark-list has-small-font-size\">\n<li style=\"margin-right:var(--wp--preset--spacing--10);margin-bottom:0;margin-left:0;padding-bottom:0\" class=\"has-pro-font-family has-small-font-size\">Lis\u00e4t\u00e4 nuorten j\u00e4senten tietoisuutta Prosta: sen toiminnasta ja edunval-vonnasta sek\u00e4 ajankoh-taisasioista<\/li>\n\n\n\n<li style=\"margin-right:var(--wp--preset--spacing--10);margin-bottom:0;margin-left:0;padding-bottom:0\" class=\"has-pro-font-family has-small-font-size\">Innostaa nuoria j\u00e4seni\u00e4 mukaan Pron toimintaan ja uusien j\u00e4senten han-kintaan<\/li>\n\n\n\n<li style=\"margin-right:var(--wp--preset--spacing--10);margin-bottom:0;margin-left:0;padding-bottom:0\" class=\"has-pro-font-family has-small-font-size\">Tukea verkostona nuoria j\u00e4seni\u00e4 ty\u00f6el\u00e4m\u00e4n, vapaa-ajan ja ammatti-yhdistystoiminnan haasteissa<\/li>\n\n\n\n<li style=\"margin-right:var(--wp--preset--spacing--10);margin-bottom:0;margin-left:0;padding-bottom:0\" class=\"has-pro-font-family has-small-font-size\">Tarjota nuorille mahdol-lisuus tuoda esiin n\u00e4ke-myksi\u00e4\u00e4n, kokemuksiaan ja ideoitaan ja vaihtaa niit\u00e4<\/li>\n<\/ul>\n<\/div>\n<\/div>\n<\/div>\n<\/div>\n\n\n\n<div class=\"wp-block-columns alignwide is-layout-flex wp-container-core-columns-is-layout-2aabe216 wp-block-columns-is-layout-flex\">\n<div class=\"wp-block-column is-layout-flow wp-block-column-is-layout-flow\" style=\"flex-basis:70%\">\n<h3 class=\"wp-block-heading has-text-align-center is-style-asterisk has-pro-font-family has-medium-font-size\" style=\"font-style:normal;font-weight:600\">Koulutus<\/h3>\n\n\n\n<p>Koulutuksessa panostetaan voimakkaasti j\u00e4senten koulutukseen. Tavoitteena on saada j\u00e4senet kiinnostumaan ja innostumaan ty\u00f6paikan yhteisist\u00e4 asioista, tuntemaan omat oikeutensa ja ty\u00f6suhteen ehtonsa ja sit\u00e4 kautta vahvistamaan ty\u00f6paikan edunvalvontaa.<\/p>\n\n\n\n<p><strong>J\u00e4senkoulutus&nbsp;<\/strong>on kaikille prolaisille tarkoitettua koulutusta, jota j\u00e4rjestet\u00e4\u00e4n iltaisin. Koulutuksen aiheita ovat mm. ty\u00f6hyvinvointi, vuosiloma- ja ty\u00f6aikakysymykset.<\/p>\n\n\n\n<p><strong>Aktiivikoulutuksessa&nbsp;<\/strong>valmennetaan klubivastaavia, yhdistysten johtokuntien j\u00e4seni\u00e4 ja muita aktiiveja hoitamaan luottamusteht\u00e4v\u00e4\u00e4ns\u00e4 sek\u00e4 suunnittelemaan ja kehitt\u00e4m\u00e4\u00e4n ty\u00f6paikan edunvalvontaa ja yhdistyksen toimintaa. Koulutus toteutetaan alueellisina ja valtakunnallisina viikonloppukursseina.<\/p>\n\n\n\n<p><strong>Luottamushenkil\u00f6koulutus&nbsp;<\/strong>on koulutussopimuksen mukaista luottamusmiesten ja ty\u00f6suojeluvaltuutettujen koulutusta. Koulutuksessa valmennetaan luottamushenkil\u00f6it\u00e4 hoitamaan luottamusteht\u00e4v\u00e4\u00e4ns\u00e4 ja kehitt\u00e4m\u00e4\u00e4n ty\u00f6paikan edunvalvontaa ja ty\u00f6oloja. Luottamushenkil\u00f6ille suunnattuja peruskoulutuksia j\u00e4rjestet\u00e4\u00e4n alueellisesti.<\/p>\n\n\n\n<p class=\"has-text-align-left\"><strong>Erityiskoulutus<\/strong>&nbsp;on suunnattu luottamushenkil\u00f6ille ja aktiiveille ja se toteutetaan erilaisina erityis- ja ajankohtaiskoulutuksina.<\/p>\n\n\n\n<figure class=\"wp-block-image size-full is-resized\"><img loading=\"lazy\" decoding=\"async\" width=\"960\" height=\"720\" src=\"https:\/\/www.ospro.fi\/blog\/wp-content\/uploads\/2024\/08\/Pro-sateenvarjo.jpg\" alt=\"\" class=\"wp-image-1869\" style=\"width:260px\" srcset=\"https:\/\/www.ospro.fi\/blog\/wp-content\/uploads\/2024\/08\/Pro-sateenvarjo.jpg 960w, https:\/\/www.ospro.fi\/blog\/wp-content\/uploads\/2024\/08\/Pro-sateenvarjo-300x225.jpg 300w, https:\/\/www.ospro.fi\/blog\/wp-content\/uploads\/2024\/08\/Pro-sateenvarjo-768x576.jpg 768w\" sizes=\"auto, (max-width: 960px) 100vw, 960px\" \/><\/figure>\n<\/div>\n\n\n\n<div class=\"wp-block-column has-custom-color-2-background-color has-background is-layout-flow wp-block-column-is-layout-flow\">\n<div class=\"wp-block-columns is-layout-flex wp-container-core-columns-is-layout-9d6595d7 wp-block-columns-is-layout-flex\">\n<div class=\"wp-block-column has-custom-color-2-background-color has-background is-layout-flow wp-block-column-is-layout-flow\" style=\"padding-right:var(--wp--preset--spacing--10);padding-left:var(--wp--preset--spacing--10)\">\n<h3 class=\"wp-block-heading has-text-align-center is-style-asterisk has-pro-font-family has-medium-font-size\" style=\"padding-top:var(--wp--preset--spacing--20);font-style:normal;font-weight:600\">Ammattiliitto Pro:n tilaisuudet<\/h3>\n\n\n\n<p class=\"has-text-align-center has-small-font-size\" style=\"margin-top:var(--wp--preset--spacing--10);margin-bottom:var(--wp--preset--spacing--20)\">Koulutukset ovat ilmaisia Ammattiliitto Pro:n j\u00e4senille. Jokaiseen koulutukseen ilmoit-taudutaan&nbsp;<a href=\"http:\/\/www.proplus.fi\/\" target=\"_blank\" rel=\"noreferrer noopener\">Proplus<\/a>-j\u00e4sensivujen kautta.<\/p>\n\n\n\n<h3 class=\"wp-block-heading alignwide has-text-align-center is-style-asterisk has-pro-font-family has-medium-font-size\" id=\"we-re-a-studio-in-berlin-with-an-international-practice-in-architecture-urban-planning-and-interior-design-we-believe-in-sharing-knowledge-and-promoting-dialogue-to-increase-the-creative-potential-of-collaboration\" style=\"font-style:normal;font-weight:600;line-height:1.1\"><br>Oulun Seudun Pro ry:n tilaisuudet<br><\/h3>\n\n\n\n<p class=\"has-text-align-center has-pro-font-family has-small-font-size\" style=\"margin-top:var(--wp--preset--spacing--10);margin-bottom:var(--wp--preset--spacing--10)\">Koulutukset ovat yhdistyksen j\u00e4senille ilmaisia tai pienen omavastuun sis\u00e4lt\u00e4vi\u00e4. Jokaiseen koulutukseen ilmoittaudutaan erillisen linkin, Proplussan tai Pro-sovelluksen kautta.<br><\/p>\n<\/div>\n<\/div>\n<\/div>\n<\/div>\n<\/div><\/div>\n\n\n\n<div class=\"wp-block-group alignwide\" style=\"margin-top:0;margin-bottom:0;padding-top:var(--wp--preset--spacing--30);padding-right:var(--wp--preset--spacing--40);padding-bottom:var(--wp--preset--spacing--50);padding-left:var(--wp--preset--spacing--50)\"><div class=\"wp-block-group__inner-container is-layout-constrained wp-container-core-group-is-layout-15c6bd02 wp-block-group-is-layout-constrained\">\n<div class=\"wp-block-group alignwide\" style=\"padding-right:0;padding-left:0\"><div class=\"wp-block-group__inner-container is-layout-constrained wp-container-core-group-is-layout-276ca37a wp-block-group-is-layout-constrained\">\n<div class=\"wp-block-group is-horizontal is-content-justification-center is-layout-flex wp-container-core-group-is-layout-7ef46c24 wp-block-group-is-layout-flex\">\n<h2 class=\"wp-block-heading has-text-align-center is-style-default has-pro-font-family\">J\u00e4senedut<\/h2>\n<\/div>\n\n\n\n<div style=\"height:46px\" aria-hidden=\"true\" class=\"wp-block-spacer\"><\/div>\n\n\n\n<div class=\"wp-block-columns alignwide is-layout-flex wp-container-core-columns-is-layout-b1b80ead wp-block-columns-is-layout-flex\">\n<div class=\"wp-block-column is-layout-flow wp-block-column-is-layout-flow\">\n<h3 class=\"wp-block-heading has-text-align-center is-style-asterisk has-pro-font-family has-medium-font-size\" style=\"font-style:normal;font-weight:600\">Oulun Seudun Pro ry<\/h3>\n\n\n\n<p class=\"has-text-align-left\">Yhdistys j\u00e4rjest\u00e4\u00e4 vuosittain virkistys- ja koulutustapahtumia sek\u00e4 tukee ty\u00f6paikka-toimintaa rahallisesti kuitteja vastaan n. 25 \u20ac\/yhdistyksen j\u00e4sen\/vuosi. Kysy lis\u00e4\u00e4 terhi (@) ospro.fi!<\/p>\n\n\n\n<p class=\"has-text-align-left\">Tapahtumista tiedotetaan nettisivuillamme, Facebookissa sek\u00e4 Pro+ palvelussa. T\u00e4m\u00e4n lis\u00e4ksi tiedotamme j\u00e4senist\u00f6\u00e4mme s\u00e4hk\u00f6postitse, joten muistathan pit\u00e4\u00e4 s\u00e4hk\u00f6postiosoitteesi ajan tasalla.<\/p>\n<\/div>\n\n\n\n<div class=\"wp-block-column is-layout-flow wp-block-column-is-layout-flow\" style=\"padding-right:var(--wp--preset--spacing--40)\">\n<h3 class=\"wp-block-heading has-text-align-center is-style-asterisk has-pro-font-family has-medium-font-size\" style=\"font-style:normal;font-weight:600\">Ammattiliitto Pro<\/h3>\n\n\n\n<p class=\"has-text-align-left\">Ammattiliitto Pro:n j\u00e4senen\u00e4 liiton eri alojen asiantuntemus, j\u00e4senpalvelut ja -edut ovat k\u00e4ytett\u00e4viss\u00e4si niin ty\u00f6ss\u00e4 kuin vapaa-aikana. J\u00e4senetuvalikoiman tavoitteena on, ett\u00e4 liiton tarjoamat edut ovat korkeatasoisia, ja niiss\u00e4 keskityt\u00e4\u00e4n j\u00e4senille keskeisiin etuihin.<\/p>\n<\/div>\n<\/div>\n\n\n\n<div class=\"wp-block-columns alignwide is-layout-flex wp-container-core-columns-is-layout-f0be2743 wp-block-columns-is-layout-flex\" style=\"padding-right:var(--wp--preset--spacing--50);padding-left:0\">\n<div class=\"wp-block-column is-layout-flow wp-block-column-is-layout-flow\" style=\"padding-top:var(--wp--preset--spacing--40);padding-right:var(--wp--preset--spacing--40);flex-basis:65%\">\n<div style=\"height:71px\" aria-hidden=\"true\" class=\"wp-block-spacer\"><\/div>\n\n\n\n<p class=\"has-text-align-left has-pro-font-family\" style=\"margin-right:var(--wp--preset--spacing--20);margin-left:var(--wp--preset--spacing--20);font-size:1.7rem;line-height:0\"><strong>Ammattiliitto<\/strong><\/p>\n\n\n\n<figure class=\"wp-block-image is-resized\"><a href=\"https:\/\/proliitto.fi\"><img loading=\"lazy\" decoding=\"async\" width=\"2000\" height=\"1022\" src=\"https:\/\/www.ospro.fi\/blog\/wp-content\/uploads\/2024\/08\/Pro_Logo_RGB.png\" alt=\"\" class=\"wp-image-1912\" style=\"width:250px\" srcset=\"https:\/\/www.ospro.fi\/blog\/wp-content\/uploads\/2024\/08\/Pro_Logo_RGB.png 2000w, https:\/\/www.ospro.fi\/blog\/wp-content\/uploads\/2024\/08\/Pro_Logo_RGB-300x153.png 300w, https:\/\/www.ospro.fi\/blog\/wp-content\/uploads\/2024\/08\/Pro_Logo_RGB-1024x523.png 1024w, https:\/\/www.ospro.fi\/blog\/wp-content\/uploads\/2024\/08\/Pro_Logo_RGB-768x392.png 768w, https:\/\/www.ospro.fi\/blog\/wp-content\/uploads\/2024\/08\/Pro_Logo_RGB-1536x785.png 1536w\" sizes=\"auto, (max-width: 2000px) 100vw, 2000px\" \/><\/a><\/figure>\n\n\n<div class=\"wp-block-image is-style-default\">\n<figure class=\"aligncenter size-full is-resized\"><a href=\"https:\/\/proplus.fi\/\" target=\"_blank\" rel=\"noreferrer noopener\"><img loading=\"lazy\" decoding=\"async\" width=\"655\" height=\"500\" src=\"https:\/\/www.ospro.fi\/blog\/wp-content\/uploads\/2024\/08\/Pro-logo.png\" alt=\"Proplus logo\" class=\"wp-image-1934\" style=\"width:240px\" srcset=\"https:\/\/www.ospro.fi\/blog\/wp-content\/uploads\/2024\/08\/Pro-logo.png 655w, https:\/\/www.ospro.fi\/blog\/wp-content\/uploads\/2024\/08\/Pro-logo-300x229.png 300w\" sizes=\"auto, (max-width: 655px) 100vw, 655px\" \/><\/a><\/figure>\n<\/div><\/div>\n\n\n\n<div class=\"wp-block-column is-vertically-aligned-center has-custom-color-2-background-color has-background is-layout-flow wp-block-column-is-layout-flow\" style=\"padding-right:0;padding-left:0;flex-basis:30%\">\n<h3 class=\"wp-block-heading alignwide has-text-align-center is-style-asterisk has-pro-font-family has-medium-font-size\" id=\"we-re-a-studio-in-berlin-with-an-international-practice-in-architecture-urban-planning-and-interior-design-we-believe-in-sharing-knowledge-and-promoting-dialogue-to-increase-the-creative-potential-of-collaboration\" style=\"margin-top:var(--wp--preset--spacing--20);font-style:normal;font-weight:600;line-height:1.1\">Oulun Seudun Pro ry<\/h3>\n\n\n\n<p class=\"has-text-align-center has-pro-font-family has-small-font-size\"><a href=\"https:\/\/ospro.fi\/\" target=\"_blank\" rel=\"noreferrer noopener nofollow\">www.ospro.fi<\/a><\/p>\n\n\n\n<p class=\"has-text-align-center has-pro-font-family has-small-font-size\"><a href=\"https:\/\/www.facebook.com\/OSTProry\/\" target=\"_blank\" rel=\"noreferrer noopener\">www.facebook.com\/OSTProry<\/a><\/p>\n\n\n\n<p class=\"has-text-align-center has-pro-font-family has-small-font-size\"><a href=\"http:\/\/www.proplus.fi\/\" target=\"_blank\" rel=\"noreferrer noopener nofollow\">www.proplus.fi<\/a><\/p>\n\n\n\n<p class=\"has-text-align-center has-pro-font-family has-small-font-size\">X: @OSProry<\/p>\n\n\n\n<p class=\"has-text-align-center has-pro-font-family has-small-font-size\">Instagram: oulunseudunprory<\/p>\n\n\n\n<h3 class=\"wp-block-heading has-text-align-center is-style-asterisk has-pro-font-family has-medium-font-size\" style=\"font-style:normal;font-weight:600\">Ammattiliitto Pro<\/h3>\n\n\n\n<p class=\"has-text-align-center has-pro-font-family has-small-font-size\" style=\"margin-bottom:0\"><a href=\"http:\/\/www.proliitto.fi\/\" target=\"_blank\" rel=\"noreferrer noopener nofollow\">www.proliitto.fi<\/a><\/p>\n\n\n\n<p class=\"has-text-align-center has-pro-font-family has-small-font-size\"><a href=\"http:\/\/www.proplus.fi\/\" target=\"_blank\" rel=\"noreferrer noopener nofollow\">www.proplus.fi<\/a><\/p>\n\n\n\n<p class=\"has-text-align-center has-small-font-size\"><a href=\"http:\/\/www.jasenedut.fi\/\" target=\"_blank\" rel=\"noreferrer noopener nofollow\">www.jasenedut.fi<\/a><\/p>\n\n\n\n<p class=\"has-text-align-center has-pro-font-family has-small-font-size\" style=\"margin-bottom:var(--wp--preset--spacing--20)\">Lis\u00e4ksi olemme sopineet sinulle paikallisia etuja. N\u00e4m\u00e4 l\u00f6yd\u00e4t Pro-mobiilisovelluksesta sek\u00e4 my\u00f6s&nbsp;<a href=\"https:\/\/ospro.fi\/?page_id=29\">t\u00e4\u00e4lt\u00e4<\/a>.<\/p>\n<\/div>\n<\/div>\n<\/div><\/div>\n<\/div><\/div>\n\n\n\n<div class=\"wp-block-group alignfull has-base-2-color has-custom-color-4-background-color has-text-color has-background\" style=\"margin-top:0;margin-bottom:0;padding-top:var(--wp--preset--spacing--20);padding-right:var(--wp--preset--spacing--30);padding-bottom:var(--wp--preset--spacing--20);padding-left:var(--wp--preset--spacing--30)\"><div class=\"wp-block-group__inner-container is-layout-constrained wp-container-core-group-is-layout-525f3607 wp-block-group-is-layout-constrained\">\n<div class=\"wp-block-group\"><div class=\"wp-block-group__inner-container is-layout-constrained wp-block-group-is-layout-constrained\">\n<div style=\"height:4px\" aria-hidden=\"true\" class=\"wp-block-spacer\"><\/div>\n\n\n\n<p class=\"has-text-align-center has-base-color has-text-color has-pro-font-family\" style=\"font-size:1.5rem;line-height:1.2\">&#8221;<em>Inhimillinen ty\u00f6el\u00e4m\u00e4 on ihmisoikeus. Se on hyv\u00e4\u00e4 johtamista, turvallisia ty\u00f6oloja, s\u00e4\u00e4dyllist\u00e4 palkkaa, vapaa-aikaa ja oikeutta kuulua liittoon.&#8221;&nbsp;<\/em><\/p>\n\n\n\n<div class=\"wp-block-group is-vertical is-content-justification-center is-nowrap is-layout-flex wp-container-core-group-is-layout-a9ff9874 wp-block-group-is-layout-flex\">\n<figure class=\"wp-block-image size-large is-resized\"><img loading=\"lazy\" decoding=\"async\" width=\"1024\" height=\"523\" src=\"https:\/\/www.ospro.fi\/blog\/wp-content\/uploads\/2024\/08\/Pro_Logo_valkoinenpunainenpallo-1024x523.png\" alt=\"\" class=\"wp-image-1925\" style=\"width:65px\" srcset=\"https:\/\/www.ospro.fi\/blog\/wp-content\/uploads\/2024\/08\/Pro_Logo_valkoinenpunainenpallo-1024x523.png 1024w, https:\/\/www.ospro.fi\/blog\/wp-content\/uploads\/2024\/08\/Pro_Logo_valkoinenpunainenpallo-300x153.png 300w, https:\/\/www.ospro.fi\/blog\/wp-content\/uploads\/2024\/08\/Pro_Logo_valkoinenpunainenpallo-768x392.png 768w, https:\/\/www.ospro.fi\/blog\/wp-content\/uploads\/2024\/08\/Pro_Logo_valkoinenpunainenpallo-1536x785.png 1536w, https:\/\/www.ospro.fi\/blog\/wp-content\/uploads\/2024\/08\/Pro_Logo_valkoinenpunainenpallo.png 2000w\" sizes=\"auto, (max-width: 1024px) 100vw, 1024px\" \/><\/figure>\n\n\n\n<p class=\"has-text-align-center has-pro-font-family has-medium-font-size\" style=\"margin-top:var(--wp--preset--spacing--10);margin-bottom:0\">Jorma Malinen Pro<\/p>\n\n\n\n<p class=\"has-text-align-center has-contrast-3-color has-text-color has-pro-font-family has-small-font-size\" style=\"font-style:normal;font-weight:300\">Puheenjohtaja<\/p>\n<\/div>\n<\/div><\/div>\n<\/div><\/div>\n","protected":false},"excerpt":{"rendered":"<p>Proklubit Ty\u00f6paikkatoiminta on osa Pron toimintaa. Se tuo Pron l\u00e4helle j\u00e4seni\u00e4 ja tarjoaa heille kokoontumis- ja vaikuttamismahdollisuuden. Toiminnan muotona ovat Pro-klubit. Ty\u00f6paikkatoiminta antaa Pron j\u00e4senille mahdollisuuden vaikuttaa ty\u00f6paikkansa asioihin. Kokoontumiset&#8230;<\/p>\n","protected":false},"author":1,"featured_media":0,"parent":0,"menu_order":0,"comment_status":"closed","ping_status":"closed","template":"","meta":{"_kad_post_transparent":"","_kad_post_title":"","_kad_post_layout":"","_kad_post_sidebar_id":"","_kad_post_content_style":"","_kad_post_vertical_padding":"","_kad_post_feature":"","_kad_post_feature_position":"","_kad_post_header":false,"_kad_post_footer":false,"_kad_post_classname":"","footnotes":""},"class_list":["post-1906","page","type-page","status-publish","hentry"],"_links":{"self":[{"href":"https:\/\/www.ospro.fi\/blog\/wp-json\/wp\/v2\/pages\/1906","targetHints":{"allow":["GET"]}}],"collection":[{"href":"https:\/\/www.ospro.fi\/blog\/wp-json\/wp\/v2\/pages"}],"about":[{"href":"https:\/\/www.ospro.fi\/blog\/wp-json\/wp\/v2\/types\/page"}],"author":[{"embeddable":true,"href":"https:\/\/www.ospro.fi\/blog\/wp-json\/wp\/v2\/users\/1"}],"replies":[{"embeddable":true,"href":"https:\/\/www.ospro.fi\/blog\/wp-json\/wp\/v2\/comments?post=1906"}],"version-history":[{"count":34,"href":"https:\/\/www.ospro.fi\/blog\/wp-json\/wp\/v2\/pages\/1906\/revisions"}],"predecessor-version":[{"id":2444,"href":"https:\/\/www.ospro.fi\/blog\/wp-json\/wp\/v2\/pages\/1906\/revisions\/2444"}],"wp:attachment":[{"href":"https:\/\/www.ospro.fi\/blog\/wp-json\/wp\/v2\/media?parent=1906"}],"curies":[{"name":"wp","href":"https:\/\/api.w.org\/{rel}","templated":true}]}}