{"id":2062,"date":"2024-09-08T10:41:04","date_gmt":"2024-09-08T07:41:04","guid":{"rendered":"http:\/\/www.ospro.fi\/blog\/?page_id=2062"},"modified":"2024-09-09T20:39:48","modified_gmt":"2024-09-09T17:39:48","slug":"tietosuojaseloste","status":"publish","type":"page","link":"https:\/\/www.ospro.fi\/blog\/tietosuojaseloste\/","title":{"rendered":"Tietosuojaseloste"},"content":{"rendered":"\n<div class=\"wp-block-group alignfull has-base-background-color has-background\" style=\"margin-top:0;margin-bottom:0;padding-top:var(--wp--preset--spacing--50);padding-right:var(--wp--preset--spacing--50);padding-bottom:var(--wp--preset--spacing--50);padding-left:var(--wp--preset--spacing--50)\"><div class=\"wp-block-group__inner-container is-layout-constrained wp-container-core-group-is-layout-9cf8f26d wp-block-group-is-layout-constrained\">\n<div class=\"wp-block-columns alignwide is-layout-flex wp-container-core-columns-is-layout-1a7dd963 wp-block-columns-is-layout-flex\">\n<div class=\"wp-block-column is-content-justification-left is-layout-constrained wp-container-core-column-is-layout-e94ce9af wp-block-column-is-layout-constrained\" style=\"flex-basis:20%\">\n<figure class=\"wp-block-image size-full\"><img loading=\"lazy\" decoding=\"async\" width=\"600\" height=\"500\" src=\"https:\/\/www.ospro.fi\/blog\/wp-content\/uploads\/2024\/06\/Pro-logo-ospro-alla-2-rajattu.png\" alt=\"OSPRO logo\" class=\"wp-image-1611\" srcset=\"https:\/\/www.ospro.fi\/blog\/wp-content\/uploads\/2024\/06\/Pro-logo-ospro-alla-2-rajattu.png 600w, https:\/\/www.ospro.fi\/blog\/wp-content\/uploads\/2024\/06\/Pro-logo-ospro-alla-2-rajattu-300x250.png 300w\" sizes=\"auto, (max-width: 600px) 100vw, 600px\" \/><\/figure>\n<\/div>\n\n\n\n<div class=\"wp-block-column is-layout-flow wp-block-column-is-layout-flow\" style=\"flex-basis:60%\">\n<h2 class=\"wp-block-heading has-large-font-size\">Oulun Seudun Pro ry<\/h2>\n\n\n\n<p><strong>Rekisterinpit\u00e4j\u00e4:<\/strong><br>Oulun Seudun Pro ry<br>PL 5, 90401 Oulu<\/p>\n\n\n\n<p><strong>Rekisterin nimi:<\/strong><br>Tapahtumailmoittautumisten rekisteri<\/p>\n\n\n\n<p><strong>Rekisterin k\u00e4ytt\u00f6tarkoitus:<\/strong><br>Tietoja k\u00e4ytet\u00e4\u00e4n tapahtumailmoittautumisten hoitamiseen.<\/p>\n\n\n\n<p><strong>Rekisterin tietosis\u00e4lt\u00f6:<\/strong><br>Rekisteri sis\u00e4lt\u00e4\u00e4 seuraavat tiedot:<\/p>\n\n\n\n<ul class=\"wp-block-list\">\n<li>nimi<\/li>\n\n\n\n<li>j\u00e4sennumero<\/li>\n\n\n\n<li>puhelin<\/li>\n\n\n\n<li>postiosoite<\/li>\n\n\n\n<li>s\u00e4hk\u00f6postiosoite<\/li>\n<\/ul>\n\n\n\n<p><strong>S\u00e4\u00e4nn\u00f6nmukaiset tietol\u00e4hteet:<\/strong><br>Tiedot saadaan henkil\u00f6lt\u00e4 itselt\u00e4\u00e4n h\u00e4nen ilmoittautuessa tapahtumaan. Muita tietol\u00e4hteit\u00e4 ei k\u00e4ytet\u00e4.<\/p>\n\n\n\n<p><strong>Tietojen s\u00e4\u00e4nn\u00f6nmukaiset luovutukset:<\/strong><br>Tietoja ei luovuteta kenellek\u00e4\u00e4n ulkopuoliselle.<\/p>\n\n\n\n<p><strong>Tietojen siirto EU:n tai ETA:n ulkopuolelle:<\/strong><br>Tietoja ei siirret\u00e4 EU:n tai ETA:n ulkopuolelle.<\/p>\n\n\n\n<p><strong>Rekisterin suojaus:<\/strong><br>Manuaalinen s\u00e4ilytet\u00e4\u00e4n lukitussa tilassa tai muuten ulkopuolisilta estetyss\u00e4 tilassa. S\u00e4hk\u00f6isesti k\u00e4sitelt\u00e4vien tietojen suojaus on toteutettu k\u00e4ytt\u00e4j\u00e4tunnuksilla sek\u00e4 p\u00e4\u00e4synvalvonnalla ja rajattu niiden henkil\u00f6iden k\u00e4ytt\u00f6\u00f6n, joilla on ty\u00f6teht\u00e4viens\u00e4 puolesta tietoihin oikeus.<\/p>\n\n\n\n<p><strong>Tarkastusoikeus:<\/strong><br>Rekister\u00f6idyll\u00e4 on henkil\u00f6tietolain 26 \u00a7:n mukaisesti oikeus tarkistaa itse\u00e4\u00e4n koskevat, rekisteriss\u00e4 olevat tiedot. Tiedot annetaan pyydett\u00e4ess\u00e4. Tarkastuspyynt\u00f6 tulee l\u00e4hett\u00e4\u00e4 kirjallisesti ja allekirjoitettuna PL 5, 90401 Oulu tai s\u00e4hk\u00f6postilla teija(at)ost.fi.<\/p>\n\n\n\n<p>Rekister\u00f6idyll\u00e4 on oikeus vaatia h\u00e4nt\u00e4 koskevan virheellisen, puutteellisen tai vanhentuneen henkil\u00f6tiedon oikaisemista.<\/p>\n\n\n\n<p>Rekister\u00f6idyll\u00e4 on oikeus saattaa henkil\u00f6tietolakia koskeva asia valvontaviranomaisen k\u00e4sitelt\u00e4v\u00e4ksi (tietosuojavaltuutettu).<\/p>\n\n\n\n<p class=\"has-pro-font-family has-medium-font-size\" style=\"line-height:1.2\">Oulun Seudun Pro ry<br>PL 5, 90401 Oulu<br>www.ospro.fi<\/p>\n<\/div>\n<\/div>\n<\/div><\/div>\n","protected":false},"excerpt":{"rendered":"<p>Oulun Seudun Pro ry Rekisterinpit\u00e4j\u00e4:Oulun Seudun Pro ryPL 5, 90401 Oulu Rekisterin nimi:Tapahtumailmoittautumisten rekisteri Rekisterin k\u00e4ytt\u00f6tarkoitus:Tietoja k\u00e4ytet\u00e4\u00e4n tapahtumailmoittautumisten hoitamiseen. Rekisterin tietosis\u00e4lt\u00f6:Rekisteri sis\u00e4lt\u00e4\u00e4 seuraavat tiedot: S\u00e4\u00e4nn\u00f6nmukaiset tietol\u00e4hteet:Tiedot saadaan henkil\u00f6lt\u00e4 itselt\u00e4\u00e4n h\u00e4nen&#8230;<\/p>\n","protected":false},"author":1,"featured_media":0,"parent":0,"menu_order":0,"comment_status":"closed","ping_status":"closed","template":"","meta":{"_kad_post_transparent":"","_kad_post_title":"","_kad_post_layout":"","_kad_post_sidebar_id":"","_kad_post_content_style":"","_kad_post_vertical_padding":"","_kad_post_feature":"","_kad_post_feature_position":"","_kad_post_header":false,"_kad_post_footer":false,"_kad_post_classname":"","footnotes":""},"class_list":["post-2062","page","type-page","status-publish","hentry"],"_links":{"self":[{"href":"https:\/\/www.ospro.fi\/blog\/wp-json\/wp\/v2\/pages\/2062","targetHints":{"allow":["GET"]}}],"collection":[{"href":"https:\/\/www.ospro.fi\/blog\/wp-json\/wp\/v2\/pages"}],"about":[{"href":"https:\/\/www.ospro.fi\/blog\/wp-json\/wp\/v2\/types\/page"}],"author":[{"embeddable":true,"href":"https:\/\/www.ospro.fi\/blog\/wp-json\/wp\/v2\/users\/1"}],"replies":[{"embeddable":true,"href":"https:\/\/www.ospro.fi\/blog\/wp-json\/wp\/v2\/comments?post=2062"}],"version-history":[{"count":3,"href":"https:\/\/www.ospro.fi\/blog\/wp-json\/wp\/v2\/pages\/2062\/revisions"}],"predecessor-version":[{"id":2065,"href":"https:\/\/www.ospro.fi\/blog\/wp-json\/wp\/v2\/pages\/2062\/revisions\/2065"}],"wp:attachment":[{"href":"https:\/\/www.ospro.fi\/blog\/wp-json\/wp\/v2\/media?parent=2062"}],"curies":[{"name":"wp","href":"https:\/\/api.w.org\/{rel}","templated":true}]}}

<div class="wp-block-group alignfull has-base-background-color has-background" style="margin-top:0;margin-bottom:0;padding-top:var(--wp--preset--spacing--50);padding-right:var(--wp--preset--spacing--50);padding-bottom:var(--wp--preset--spacing--50);padding-left:var(--wp--preset--spacing--50)"><div class="wp-block-group__inner-container is-layout-constrained wp-container-core-group-is-layout-9cf8f26d wp-block-group-is-layout-constrained">
<div class="wp-block-columns alignwide is-layout-flex wp-container-core-columns-is-layout-1a7dd963 wp-block-columns-is-layout-flex">
<div class="wp-block-column is-content-justification-left is-layout-constrained wp-container-core-column-is-layout-e94ce9af wp-block-column-is-layout-constrained" style="flex-basis:20%">
<figure class="wp-block-image size-full"><img loading="lazy" decoding="async" width="600" height="500" src="https://www.ospro.fi/blog/wp-content/uploads/2024/06/Pro-logo-ospro-alla-2-rajattu.png" alt="OSPRO logo" class="wp-image-1611" srcset="https://www.ospro.fi/blog/wp-content/uploads/2024/06/Pro-logo-ospro-alla-2-rajattu.png 600w, https://www.ospro.fi/blog/wp-content/uploads/2024/06/Pro-logo-ospro-alla-2-rajattu-300x250.png 300w" sizes="auto, (max-width: 600px) 100vw, 600px" /></figure>
</div>



<div class="wp-block-column is-layout-flow wp-block-column-is-layout-flow" style="flex-basis:60%">
<h2 class="wp-block-heading has-large-font-size">Oulun Seudun Pro ry</h2>



<p><strong>Rekisterinpitäjä:</strong><br>Oulun Seudun Pro ry<br>PL 5, 90401 Oulu</p>



<p><strong>Rekisterin nimi:</strong><br>Tapahtumailmoittautumisten rekisteri</p>



<p><strong>Rekisterin käyttötarkoitus:</strong><br>Tietoja käytetään tapahtumailmoittautumisten hoitamiseen.</p>



<p><strong>Rekisterin tietosisältö:</strong><br>Rekisteri sisältää seuraavat tiedot:</p>



<ul class="wp-block-list">
<li>nimi</li>



<li>jäsennumero</li>



<li>puhelin</li>



<li>postiosoite</li>



<li>sähköpostiosoite</li>
</ul>



<p><strong>Säännönmukaiset tietolähteet:</strong><br>Tiedot saadaan henkilöltä itseltään hänen ilmoittautuessa tapahtumaan. Muita tietolähteitä ei käytetä.</p>



<p><strong>Tietojen säännönmukaiset luovutukset:</strong><br>Tietoja ei luovuteta kenellekään ulkopuoliselle.</p>



<p><strong>Tietojen siirto EU:n tai ETA:n ulkopuolelle:</strong><br>Tietoja ei siirretä EU:n tai ETA:n ulkopuolelle.</p>



<p><strong>Rekisterin suojaus:</strong><br>Manuaalinen säilytetään lukitussa tilassa tai muuten ulkopuolisilta estetyssä tilassa. Sähköisesti käsiteltävien tietojen suojaus on toteutettu käyttäjätunnuksilla sekä pääsynvalvonnalla ja rajattu niiden henkilöiden käyttöön, joilla on työtehtäviensä puolesta tietoihin oikeus.</p>



<p><strong>Tarkastusoikeus:</strong><br>Rekisteröidyllä on henkilötietolain 26 §:n mukaisesti oikeus tarkistaa itseään koskevat, rekisterissä olevat tiedot. Tiedot annetaan pyydettäessä. Tarkastuspyyntö tulee lähettää kirjallisesti ja allekirjoitettuna PL 5, 90401 Oulu tai sähköpostilla teija(at)ost.fi.</p>



<p>Rekisteröidyllä on oikeus vaatia häntä koskevan virheellisen, puutteellisen tai vanhentuneen henkilötiedon oikaisemista.</p>



<p>Rekisteröidyllä on oikeus saattaa henkilötietolakia koskeva asia valvontaviranomaisen käsiteltäväksi (tietosuojavaltuutettu).</p>



<p class="has-pro-font-family has-medium-font-size" style="line-height:1.2">Oulun Seudun Pro ry<br>PL 5, 90401 Oulu<br>www.ospro.fi</p>
</div>
</div>
</div></div>

<p>Oulun Seudun Pro ry Rekisterinpitäjä:Oulun Seudun Pro ryPL 5, 90401 Oulu Rekisterin nimi:Tapahtumailmoittautumisten rekisteri Rekisterin käyttötarkoitus:Tietoja käytetään tapahtumailmoittautumisten hoitamiseen. Rekisterin tietosisältö:Rekisteri sisältää seuraavat tiedot: Säännönmukaiset tietolähteet:Tiedot saadaan henkilöltä itseltään hänen&#8230;</p>
